[INFO] cloning repository https://github.com/krmit/helloRust
[INFO] running `Command { std: "git" "-c" "credential.helper=" "-c" "credential.helper=/workspace/cargo-home/bin/git-credential-null" "clone" "--bare" "https://github.com/krmit/helloRust" "/workspace/cache/git-repos/https%3A%2F%2Fgithub.com%2Fkrmit%2FhelloRust", kill_on_drop: false }`
[INFO] [stderr] Cloning into bare repository '/workspace/cache/git-repos/https%3A%2F%2Fgithub.com%2Fkrmit%2FhelloRust'...
[INFO] running `Command { std: "git" "rev-parse" "HEAD", kill_on_drop: false }`
[INFO] [stdout] cc9effbb74835a866e6dfd2614956a893dc6e083
[INFO] building krmit/helloRust against master#ff34b919075f35a1787659e9c448a34b06bab8de for issue-85264
[INFO] running `Command { std: "git" "clone" "/workspace/cache/git-repos/https%3A%2F%2Fgithub.com%2Fkrmit%2FhelloRust" "/workspace/builds/worker-13/source", kill_on_drop: false }`
[INFO] [stderr] Cloning into '/workspace/builds/worker-13/source'...
[INFO] [stderr] done.
[INFO] validating manifest of git repo https://github.com/krmit/helloRust on toolchain ff34b919075f35a1787659e9c448a34b06bab8de
[INFO] running `Command { std: "/workspace/cargo-home/bin/cargo" "+ff34b919075f35a1787659e9c448a34b06bab8de" "metadata" "--manifest-path" "Cargo.toml" "--no-deps", kill_on_drop: false }`
[INFO] started tweaking git repo https://github.com/krmit/helloRust
[INFO] finished tweaking git repo https://github.com/krmit/helloRust
[INFO] tweaked toml for git repo https://github.com/krmit/helloRust written to /workspace/builds/worker-13/source/Cargo.toml
[INFO] crate git repo https://github.com/krmit/helloRust already has a lockfile, it will not be regenerated
[INFO] running `Command { std: "/workspace/cargo-home/bin/cargo" "+ff34b919075f35a1787659e9c448a34b06bab8de" "fetch" "--manifest-path" "Cargo.toml", kill_on_drop: false }`
[INFO] running `Command { std: "docker" "create" "-v" "/var/lib/crater-agent-workspace/builds/worker-13/target:/opt/rustwide/target:rw,Z" "-v" "/var/lib/crater-agent-workspace/builds/worker-13/source:/opt/rustwide/workdir:ro,Z" "-v" "/var/lib/crater-agent-workspace/cargo-home:/opt/rustwide/cargo-home:ro,Z" "-v" "/var/lib/crater-agent-workspace/rustup-home:/opt/rustwide/rustup-home:ro,Z" "-e" "SOURCE_DIR=/opt/rustwide/workdir" "-e" "CARGO_TARGET_DIR=/opt/rustwide/target" "-e" "CARGO_HOME=/opt/rustwide/cargo-home" "-e" "RUSTUP_HOME=/opt/rustwide/rustup-home" "-w" "/opt/rustwide/workdir" "-m" "1610612736" "--user" "0:0" "--network" "none" "ghcr.io/rust-lang/crates-build-env/linux@sha256:20528e8c29e4536546f0102ce88568b16ea7538393a33fcca951030f7af10457" "/opt/rustwide/cargo-home/bin/cargo" "+ff34b919075f35a1787659e9c448a34b06bab8de" "metadata" "--no-deps" "--format-version=1", kill_on_drop: false }`
[INFO] [stdout] 47fcbbb7751be2df5687ae2067e796878e24e3d24b5c7c289fcf0339fbfa7d3d
[INFO] [stderr] WARNING: Your kernel does not support swap limit capabilities or the cgroup is not mounted. Memory limited without swap.
[INFO] running `Command { std: "docker" "start" "-a" "47fcbbb7751be2df5687ae2067e796878e24e3d24b5c7c289fcf0339fbfa7d3d", kill_on_drop: false }`
[INFO] running `Command { std: "docker" "inspect" "47fcbbb7751be2df5687ae2067e796878e24e3d24b5c7c289fcf0339fbfa7d3d", kill_on_drop: false }`
[INFO] running `Command { std: "docker" "rm" "-f" "47fcbbb7751be2df5687ae2067e796878e24e3d24b5c7c289fcf0339fbfa7d3d", kill_on_drop: false }`
[INFO] [stdout] 47fcbbb7751be2df5687ae2067e796878e24e3d24b5c7c289fcf0339fbfa7d3d
[INFO] running `Command { std: "docker" "create" "-v" "/var/lib/crater-agent-workspace/builds/worker-13/target:/opt/rustwide/target:rw,Z" "-v" "/var/lib/crater-agent-workspace/builds/worker-13/source:/opt/rustwide/workdir:ro,Z" "-v" "/var/lib/crater-agent-workspace/cargo-home:/opt/rustwide/cargo-home:ro,Z" "-v" "/var/lib/crater-agent-workspace/rustup-home:/opt/rustwide/rustup-home:ro,Z" "-e" "SOURCE_DIR=/opt/rustwide/workdir" "-e" "CARGO_TARGET_DIR=/opt/rustwide/target" "-e" "CARGO_INCREMENTAL=0" "-e" "RUST_BACKTRACE=full" "-e" "RUSTFLAGS=--cap-lints=forbid" "-e" "CARGO_HOME=/opt/rustwide/cargo-home" "-e" "RUSTUP_HOME=/opt/rustwide/rustup-home" "-w" "/opt/rustwide/workdir" "-m" "1610612736" "--user" "0:0" "--network" "none" "ghcr.io/rust-lang/crates-build-env/linux@sha256:20528e8c29e4536546f0102ce88568b16ea7538393a33fcca951030f7af10457" "/opt/rustwide/cargo-home/bin/cargo" "+ff34b919075f35a1787659e9c448a34b06bab8de" "build" "--frozen" "--message-format=json", kill_on_drop: false }`
[INFO] [stderr] WARNING: Your kernel does not support swap limit capabilities or the cgroup is not mounted. Memory limited without swap.
[INFO] [stdout] 26a365ce29c73aee6695b2a341bf6e48ede20f13ccfe866ff718619de2a4db2f
[INFO] running `Command { std: "docker" "start" "-a" "26a365ce29c73aee6695b2a341bf6e48ede20f13ccfe866ff718619de2a4db2f", kill_on_drop: false }`
[INFO] [stderr]    Compiling dsfmt-rs v0.1.0
[INFO] [stdout] error[E0557]: feature has been removed
[INFO] [stdout]  --> /opt/rustwide/cargo-home/registry/src/github.com-1ecc6299db9ec823/dsfmt-rs-0.1.0/src/lib.rs:4:12
[INFO] [stdout]   |
[INFO] [stdout] 4 | #![feature(simd)]
[INFO] [stdout]   |            ^^^^ feature has been removed
[INFO] [stdout]   |
[INFO] [stdout]   = note: removed in favor of `#[repr(simd)]`
[INFO] [stdout] 
[INFO] [stdout] 
[INFO] [stdout] error: expected one of `!`, `(`, `+`, `::`, `;`, `<`, or `]`, found `,`
[INFO] [stdout]   --> /opt/rustwide/cargo-home/registry/src/github.com-1ecc6299db9ec823/dsfmt-rs-0.1.0/src/mt19937.rs:31:19
[INFO] [stdout]    |
[INFO] [stdout] 31 |     status: [u64x2, ..DSFMT_N + 1],
[INFO] [stdout]    |                   ^ expected one of 7 possible tokens
[INFO] [stdout] 
[INFO] [stdout] 
[INFO] [stdout] error: expected one of `!`, `(`, `+`, `::`, `;`, `<`, or `]`, found `,`
[INFO] [stdout]    --> /opt/rustwide/cargo-home/registry/src/github.com-1ecc6299db9ec823/dsfmt-rs-0.1.0/src/mt19937.rs:156:22
[INFO] [stdout]     |
[INFO] [stdout] 156 |         let pcv: [u64, ..2] = [DSFMT_PCV1, DSFMT_PCV2];
[INFO] [stdout]     |             ----     ^ expected one of 7 possible tokens
[INFO] [stdout]     |             |  |
[INFO] [stdout]     |             |  help: use `=` if you meant to assign
[INFO] [stdout]     |             while parsing the type for `pcv`
[INFO] [stdout] 
[INFO] [stdout] 
[INFO] [stdout] error: invalid suffix `u` for number literal
[INFO] [stdout]    --> /opt/rustwide/cargo-home/registry/src/github.com-1ecc6299db9ec823/dsfmt-rs-0.1.0/src/mt19937.rs:162:25
[INFO] [stdout]     |
[INFO] [stdout] 162 |             let mut i = 32u;
[INFO] [stdout]     |                         ^^^ invalid suffix `u`
[INFO] [stdout]     |
[INFO] [stdout]     = help: the suffix must be one of the numeric types (`u32`, `isize`, `f32`, etc.)
[INFO] [stdout] 
[INFO] [stdout] 
[INFO] [stdout] error: invalid suffix `i` for number literal
[INFO] [stdout]    --> /opt/rustwide/cargo-home/registry/src/github.com-1ecc6299db9ec823/dsfmt-rs-0.1.0/src/mt19937.rs:181:32
[INFO] [stdout]     |
[INFO] [stdout] 181 |                 for _ in range(0i, 64){
[INFO] [stdout]     |                                ^^ invalid suffix `i`
[INFO] [stdout]     |
[INFO] [stdout]     = help: the suffix must be one of the numeric types (`u32`, `isize`, `f32`, etc.)
[INFO] [stdout] 
[INFO] [stdout] 
[INFO] [stdout] error: expected one of `!`, `(`, `+`, `::`, `;`, `<`, or `]`, found `,`
[INFO] [stdout]    --> /opt/rustwide/cargo-home/registry/src/github.com-1ecc6299db9ec823/dsfmt-rs-0.1.0/src/mt19937.rs:193:31
[INFO] [stdout]     |
[INFO] [stdout] 193 |         let psfmt: &mut [u32x4, ..DSFMT_N + 1] = unsafe{mem::transmute(&mut self.status)};
[INFO] [stdout]     |             ------            ^ expected one of 7 possible tokens
[INFO] [stdout]     |             |    |
[INFO] [stdout]     |             |    help: use `=` if you meant to assign
[INFO] [stdout]     |             while parsing the type for `psfmt`
[INFO] [stdout] 
[INFO] [stdout] 
[INFO] [stdout] error: invalid suffix `u` for number literal
[INFO] [stdout]    --> /opt/rustwide/cargo-home/registry/src/github.com-1ecc6299db9ec823/dsfmt-rs-0.1.0/src/mt19937.rs:197:24
[INFO] [stdout]     |
[INFO] [stdout] 197 |         for i in range(1u, 4 * (DSFMT_N + 1)){
[INFO] [stdout]     |                        ^^ invalid suffix `u`
[INFO] [stdout]     |
[INFO] [stdout]     = help: the suffix must be one of the numeric types (`u32`, `isize`, `f32`, etc.)
[INFO] [stdout] 
[INFO] [stdout] 
[INFO] [stdout] error: invalid suffix `u` for number literal
[INFO] [stdout]    --> /opt/rustwide/cargo-home/registry/src/github.com-1ecc6299db9ec823/dsfmt-rs-0.1.0/src/mt19937.rs:216:21
[INFO] [stdout]     |
[INFO] [stdout] 216 |         let mut i = 1u;
[INFO] [stdout]     |                     ^^ invalid suffix `u`
[INFO] [stdout]     |
[INFO] [stdout]     = help: the suffix must be one of the numeric types (`u32`, `isize`, `f32`, etc.)
[INFO] [stdout] 
[INFO] [stdout] 
[INFO] [stdout] error[E0432]: unresolved import `std::iter::range_inclusive`
[INFO] [stdout]  --> /opt/rustwide/cargo-home/registry/src/github.com-1ecc6299db9ec823/dsfmt-rs-0.1.0/src/mt19937.rs:2:5
[INFO] [stdout]   |
[INFO] [stdout] 2 | use std::iter::range_inclusive;
[INFO] [stdout]   |     ^^^^^^^^^^^^^^^^^^^^^^^^^^ no `range_inclusive` in `iter`
[INFO] [stdout] 
[INFO] [stdout] 
[INFO] [stdout] error[E0432]: unresolved import `std::rand`
[INFO] [stdout]  --> /opt/rustwide/cargo-home/registry/src/github.com-1ecc6299db9ec823/dsfmt-rs-0.1.0/src/mt19937.rs:4:10
[INFO] [stdout]   |
[INFO] [stdout] 4 | use std::rand::{Rng, SeedableRng, Rand};
[INFO] [stdout]   |          ^^^^ could not find `rand` in `std`
[INFO] [stdout] 
[INFO] [stdout] 
[INFO] [stdout] error: cannot find attribute `simd` in this scope
[INFO] [stdout]   --> /opt/rustwide/cargo-home/registry/src/github.com-1ecc6299db9ec823/dsfmt-rs-0.1.0/src/mt19937.rs:46:3
[INFO] [stdout]    |
[INFO] [stdout] 46 | #[simd]
[INFO] [stdout]    |   ^^^^
[INFO] [stdout] 
[INFO] [stdout] 
[INFO] [stdout] error: cannot find attribute `deriving` in this scope
[INFO] [stdout]   --> /opt/rustwide/cargo-home/registry/src/github.com-1ecc6299db9ec823/dsfmt-rs-0.1.0/src/mt19937.rs:47:3
[INFO] [stdout]    |
[INFO] [stdout] 47 | #[deriving(Show, Copy)]
[INFO] [stdout]    |   ^^^^^^^^
[INFO] [stdout] 
[INFO] [stdout] 
[INFO] [stdout] error: cannot find attribute `simd` in this scope
[INFO] [stdout]   --> /opt/rustwide/cargo-home/registry/src/github.com-1ecc6299db9ec823/dsfmt-rs-0.1.0/src/mt19937.rs:36:3
[INFO] [stdout]    |
[INFO] [stdout] 36 | #[simd]
[INFO] [stdout]    |   ^^^^
[INFO] [stdout] 
[INFO] [stdout] 
[INFO] [stdout] error: cannot find attribute `deriving` in this scope
[INFO] [stdout]   --> /opt/rustwide/cargo-home/registry/src/github.com-1ecc6299db9ec823/dsfmt-rs-0.1.0/src/mt19937.rs:37:3
[INFO] [stdout]    |
[INFO] [stdout] 37 | #[deriving(Show, Copy)]
[INFO] [stdout]    |   ^^^^^^^^
[INFO] [stdout] 
[INFO] [stdout] 
[INFO] [stdout] error[E0412]: cannot find type `uint` in this scope
[INFO] [stdout]   --> /opt/rustwide/cargo-home/registry/src/github.com-1ecc6299db9ec823/dsfmt-rs-0.1.0/src/mt19937.rs:12:18
[INFO] [stdout]    |
[INFO] [stdout] 12 | const DSFMT_MEXP:uint = 19937;
[INFO] [stdout]    |                  ^^^^ not found in this scope
[INFO] [stdout] 
[INFO] [stdout] 
[INFO] [stdout] error[E0412]: cannot find type `uint` in this scope
[INFO] [stdout]   --> /opt/rustwide/cargo-home/registry/src/github.com-1ecc6299db9ec823/dsfmt-rs-0.1.0/src/mt19937.rs:13:18
[INFO] [stdout]    |
[INFO] [stdout] 13 | const DSFMT_N:   uint = ((DSFMT_MEXP - 128) / 104 + 1);
[INFO] [stdout]    |                  ^^^^ not found in this scope
[INFO] [stdout] 
[INFO] [stdout] 
[INFO] [stdout] error[E0412]: cannot find type `uint` in this scope
[INFO] [stdout]   --> /opt/rustwide/cargo-home/registry/src/github.com-1ecc6299db9ec823/dsfmt-rs-0.1.0/src/mt19937.rs:14:18
[INFO] [stdout]    |
[INFO] [stdout] 14 | const DSFMT_N64: uint = (DSFMT_N * 2);
[INFO] [stdout]    |                  ^^^^ not found in this scope
[INFO] [stdout] 
[INFO] [stdout] 
[INFO] [stdout] error[E0412]: cannot find type `uint` in this scope
[INFO] [stdout]   --> /opt/rustwide/cargo-home/registry/src/github.com-1ecc6299db9ec823/dsfmt-rs-0.1.0/src/mt19937.rs:15:18
[INFO] [stdout]    |
[INFO] [stdout] 15 | const DSFMT_SR:  uint = 12;
[INFO] [stdout]    |                  ^^^^ not found in this scope
[INFO] [stdout] 
[INFO] [stdout] 
[INFO] [stdout] error[E0412]: cannot find type `uint` in this scope
[INFO] [stdout]   --> /opt/rustwide/cargo-home/registry/src/github.com-1ecc6299db9ec823/dsfmt-rs-0.1.0/src/mt19937.rs:17:19
[INFO] [stdout]    |
[INFO] [stdout] 17 | const DSFMT_POS1: uint = 117;
[INFO] [stdout]    |                   ^^^^ not found in this scope
[INFO] [stdout] 
[INFO] [stdout] 
[INFO] [stdout] error[E0412]: cannot find type `uint` in this scope
[INFO] [stdout]   --> /opt/rustwide/cargo-home/registry/src/github.com-1ecc6299db9ec823/dsfmt-rs-0.1.0/src/mt19937.rs:18:19
[INFO] [stdout]    |
[INFO] [stdout] 18 | const DSFMT_SL1:  uint = 19;
[INFO] [stdout]    |                   ^^^^ not found in this scope
[INFO] [stdout] 
[INFO] [stdout] 
[INFO] [stdout] error[E0405]: cannot find trait `Index` in this scope
[INFO] [stdout]   --> /opt/rustwide/cargo-home/registry/src/github.com-1ecc6299db9ec823/dsfmt-rs-0.1.0/src/mt19937.rs:53:6
[INFO] [stdout]    |
[INFO] [stdout] 53 | impl Index<uint, u64> for u64x2{
[INFO] [stdout]    |      ^^^^^ not found in this scope
[INFO] [stdout]    |
[INFO] [stdout] help: consider importing this trait
[INFO] [stdout]    |
[INFO] [stdout] 1  | use std::ops::Index;
[INFO] [stdout]    |
[INFO] [stdout] 
[INFO] [stdout] 
[INFO] [stdout] error[E0412]: cannot find type `uint` in this scope
[INFO] [stdout]   --> /opt/rustwide/cargo-home/registry/src/github.com-1ecc6299db9ec823/dsfmt-rs-0.1.0/src/mt19937.rs:53:12
[INFO] [stdout]    |
[INFO] [stdout] 53 | impl Index<uint, u64> for u64x2{
[INFO] [stdout]    |     -      ^^^^ not found in this scope
[INFO] [stdout]    |     |
[INFO] [stdout]    |     help: you might be missing a type parameter: `<uint>`
[INFO] [stdout] 
[INFO] [stdout] 
[INFO] [stdout] error[E0412]: cannot find type `uint` in this scope
[INFO] [stdout]   --> /opt/rustwide/cargo-home/registry/src/github.com-1ecc6299db9ec823/dsfmt-rs-0.1.0/src/mt19937.rs:55:28
[INFO] [stdout]    |
[INFO] [stdout] 55 |     fn index(&self, _rhs: &uint) -> &u64{
[INFO] [stdout]    |                            ^^^^ not found in this scope
[INFO] [stdout] 
[INFO] [stdout] 
[INFO] [stdout] error[E0405]: cannot find trait `IndexMut` in this scope
[INFO] [stdout]   --> /opt/rustwide/cargo-home/registry/src/github.com-1ecc6299db9ec823/dsfmt-rs-0.1.0/src/mt19937.rs:63:6
[INFO] [stdout]    |
[INFO] [stdout] 63 | impl IndexMut<uint, u64> for u64x2{
[INFO] [stdout]    |      ^^^^^^^^ not found in this scope
[INFO] [stdout]    |
[INFO] [stdout] help: consider importing this trait
[INFO] [stdout]    |
[INFO] [stdout] 1  | use std::ops::IndexMut;
[INFO] [stdout]    |
[INFO] [stdout] 
[INFO] [stdout] 
[INFO] [stdout] error[E0412]: cannot find type `uint` in this scope
[INFO] [stdout]   --> /opt/rustwide/cargo-home/registry/src/github.com-1ecc6299db9ec823/dsfmt-rs-0.1.0/src/mt19937.rs:63:15
[INFO] [stdout]    |
[INFO] [stdout] 63 | impl IndexMut<uint, u64> for u64x2{
[INFO] [stdout]    |     -         ^^^^ not found in this scope
[INFO] [stdout]    |     |
[INFO] [stdout]    |     help: you might be missing a type parameter: `<uint>`
[INFO] [stdout] 
[INFO] [stdout] 
[INFO] [stdout] error[E0412]: cannot find type `uint` in this scope
[INFO] [stdout]   --> /opt/rustwide/cargo-home/registry/src/github.com-1ecc6299db9ec823/dsfmt-rs-0.1.0/src/mt19937.rs:65:36
[INFO] [stdout]    |
[INFO] [stdout] 65 |     fn index_mut(&mut self, _rhs: &uint) -> &mut u64{
[INFO] [stdout]    |                                    ^^^^ not found in this scope
[INFO] [stdout] 
[INFO] [stdout] 
[INFO] [stdout] error[E0405]: cannot find trait `Index` in this scope
[INFO] [stdout]   --> /opt/rustwide/cargo-home/registry/src/github.com-1ecc6299db9ec823/dsfmt-rs-0.1.0/src/mt19937.rs:73:6
[INFO] [stdout]    |
[INFO] [stdout] 73 | impl Index<uint, u32> for u32x4{
[INFO] [stdout]    |      ^^^^^ not found in this scope
[INFO] [stdout]    |
[INFO] [stdout] help: consider importing this trait
[INFO] [stdout]    |
[INFO] [stdout] 1  | use std::ops::Index;
[INFO] [stdout]    |
[INFO] [stdout] 
[INFO] [stdout] 
[INFO] [stdout] error[E0412]: cannot find type `uint` in this scope
[INFO] [stdout]   --> /opt/rustwide/cargo-home/registry/src/github.com-1ecc6299db9ec823/dsfmt-rs-0.1.0/src/mt19937.rs:73:12
[INFO] [stdout]    |
[INFO] [stdout] 73 | impl Index<uint, u32> for u32x4{
[INFO] [stdout]    |     -      ^^^^ not found in this scope
[INFO] [stdout]    |     |
[INFO] [stdout]    |     help: you might be missing a type parameter: `<uint>`
[INFO] [stdout] 
[INFO] [stdout] 
[INFO] [stdout] error[E0412]: cannot find type `uint` in this scope
[INFO] [stdout]   --> /opt/rustwide/cargo-home/registry/src/github.com-1ecc6299db9ec823/dsfmt-rs-0.1.0/src/mt19937.rs:75:28
[INFO] [stdout]    |
[INFO] [stdout] 75 |     fn index(&self, _rhs: &uint) -> &u32{
[INFO] [stdout]    |                            ^^^^ not found in this scope
[INFO] [stdout] 
[INFO] [stdout] 
[INFO] [stdout] error[E0405]: cannot find trait `IndexMut` in this scope
[INFO] [stdout]   --> /opt/rustwide/cargo-home/registry/src/github.com-1ecc6299db9ec823/dsfmt-rs-0.1.0/src/mt19937.rs:85:6
[INFO] [stdout]    |
[INFO] [stdout] 85 | impl IndexMut<uint, u32> for u32x4{
[INFO] [stdout]    |      ^^^^^^^^ not found in this scope
[INFO] [stdout]    |
[INFO] [stdout] help: consider importing this trait
[INFO] [stdout]    |
[INFO] [stdout] 1  | use std::ops::IndexMut;
[INFO] [stdout]    |
[INFO] [stdout] 
[INFO] [stdout] 
[INFO] [stdout] error[E0412]: cannot find type `uint` in this scope
[INFO] [stdout]   --> /opt/rustwide/cargo-home/registry/src/github.com-1ecc6299db9ec823/dsfmt-rs-0.1.0/src/mt19937.rs:85:15
[INFO] [stdout]    |
[INFO] [stdout] 85 | impl IndexMut<uint, u32> for u32x4{
[INFO] [stdout]    |     -         ^^^^ not found in this scope
[INFO] [stdout]    |     |
[INFO] [stdout]    |     help: you might be missing a type parameter: `<uint>`
[INFO] [stdout] 
[INFO] [stdout] 
[INFO] [stdout] error[E0412]: cannot find type `uint` in this scope
[INFO] [stdout]   --> /opt/rustwide/cargo-home/registry/src/github.com-1ecc6299db9ec823/dsfmt-rs-0.1.0/src/mt19937.rs:87:36
[INFO] [stdout]    |
[INFO] [stdout] 87 |     fn index_mut(&mut self, _rhs: &uint) -> &mut u32{
[INFO] [stdout]    |                                    ^^^^ not found in this scope
[INFO] [stdout] 
[INFO] [stdout] 
[INFO] [stdout] error[E0412]: cannot find type `uint` in this scope
[INFO] [stdout]    --> /opt/rustwide/cargo-home/registry/src/github.com-1ecc6299db9ec823/dsfmt-rs-0.1.0/src/mt19937.rs:103:13
[INFO] [stdout]     |
[INFO] [stdout] 103 | fn idxof(i: uint) -> uint {
[INFO] [stdout]     |             ^^^^ not found in this scope
[INFO] [stdout] 
[INFO] [stdout] 
[INFO] [stdout] error[E0412]: cannot find type `uint` in this scope
[INFO] [stdout]    --> /opt/rustwide/cargo-home/registry/src/github.com-1ecc6299db9ec823/dsfmt-rs-0.1.0/src/mt19937.rs:103:22
[INFO] [stdout]     |
[INFO] [stdout] 103 | fn idxof(i: uint) -> uint {
[INFO] [stdout]     |                      ^^^^ not found in this scope
[INFO] [stdout] 
[INFO] [stdout] 
[INFO] [stdout] error[E0425]: cannot find function `range` in this scope
[INFO] [stdout]    --> /opt/rustwide/cargo-home/registry/src/github.com-1ecc6299db9ec823/dsfmt-rs-0.1.0/src/mt19937.rs:148:18
[INFO] [stdout]     |
[INFO] [stdout] 148 |         for i in range(0, DSFMT_N * 2){
[INFO] [stdout]     |                  ^^^^^ not found in this scope
[INFO] [stdout]     |
[INFO] [stdout] help: consider importing this function
[INFO] [stdout]     |
[INFO] [stdout] 1   | use std::slice::range;
[INFO] [stdout]     |
[INFO] [stdout] 
[INFO] [stdout] 
[INFO] [stdout] error[E0423]: expected value, found builtin type `u64`
[INFO] [stdout]    --> /opt/rustwide/cargo-home/registry/src/github.com-1ecc6299db9ec823/dsfmt-rs-0.1.0/src/mt19937.rs:156:19
[INFO] [stdout]     |
[INFO] [stdout] 156 |         let pcv: [u64, ..2] = [DSFMT_PCV1, DSFMT_PCV2];
[INFO] [stdout]     |                   ^^^ not a value
[INFO] [stdout] 
[INFO] [stdout] 
[INFO] [stdout] error[E0425]: cannot find function `range` in this scope
[INFO] [stdout]    --> /opt/rustwide/cargo-home/registry/src/github.com-1ecc6299db9ec823/dsfmt-rs-0.1.0/src/mt19937.rs:181:26
[INFO] [stdout]     |
[INFO] [stdout] 181 |                 for _ in range(0i, 64){
[INFO] [stdout]     |                          ^^^^^ not found in this scope
[INFO] [stdout]     |
[INFO] [stdout] help: consider importing this function
[INFO] [stdout]     |
[INFO] [stdout] 1   | use std::slice::range;
[INFO] [stdout]     |
[INFO] [stdout] 
[INFO] [stdout] 
[INFO] [stdout] error[E0423]: expected value, found struct `u32x4`
[INFO] [stdout]    --> /opt/rustwide/cargo-home/registry/src/github.com-1ecc6299db9ec823/dsfmt-rs-0.1.0/src/mt19937.rs:193:26
[INFO] [stdout]     |
[INFO] [stdout] 38  | / struct u32x4{
[INFO] [stdout] 39  | |     x: u32,
[INFO] [stdout] 40  | |     y: u32,
[INFO] [stdout] 41  | |     z: u32,
[INFO] [stdout] 42  | |     w: u32,
[INFO] [stdout] 43  | | }
[INFO] [stdout]     | |_- `u32x4` defined here
[INFO] [stdout] ...
[INFO] [stdout] 193 |           let psfmt: &mut [u32x4, ..DSFMT_N + 1] = unsafe{mem::transmute(&mut self.status)};
[INFO] [stdout]     |                            ^^^^^ help: use struct literal syntax instead: `u32x4 { x: val, y: val, z: val, w: val }`
[INFO] [stdout] 
[INFO] [stdout] 
[INFO] [stdout] error[E0425]: cannot find function `range` in this scope
[INFO] [stdout]    --> /opt/rustwide/cargo-home/registry/src/github.com-1ecc6299db9ec823/dsfmt-rs-0.1.0/src/mt19937.rs:197:18
[INFO] [stdout]     |
[INFO] [stdout] 197 |         for i in range(1u, 4 * (DSFMT_N + 1)){
[INFO] [stdout]     |                  ^^^^^ not found in this scope
[INFO] [stdout]     |
[INFO] [stdout] help: consider importing this function
[INFO] [stdout]     |
[INFO] [stdout] 1   | use std::slice::range;
[INFO] [stdout]     |
[INFO] [stdout] 
[INFO] [stdout] 
[INFO] [stdout] error[E0658]: destructuring assignments are unstable
[INFO] [stdout]    --> /opt/rustwide/cargo-home/registry/src/github.com-1ecc6299db9ec823/dsfmt-rs-0.1.0/src/mt19937.rs:156:29
[INFO] [stdout]     |
[INFO] [stdout] 156 |         let pcv: [u64, ..2] = [DSFMT_PCV1, DSFMT_PCV2];
[INFO] [stdout]     |                  ---------- ^
[INFO] [stdout]     |                  |
[INFO] [stdout]     |                  cannot assign to this expression
[INFO] [stdout]     |
[INFO] [stdout]     = note: see issue #71126 <https://github.com/rust-lang/rust/issues/71126> for more information
[INFO] [stdout]     = help: add `#![feature(destructuring_assignment)]` to the crate attributes to enable
[INFO] [stdout] 
[INFO] [stdout] 
[INFO] [stdout] error: aborting due to 40 previous errors
[INFO] [stdout] 
[INFO] [stdout] 
[INFO] [stdout] Some errors have detailed explanations: E0405, E0412, E0423, E0425, E0432, E0557, E0658.
[INFO] [stdout] 
[INFO] [stdout] For more information about an error, try `rustc --explain E0405`.
[INFO] [stdout] 
[INFO] [stderr] error: could not compile `dsfmt-rs`
[INFO] [stderr] 
[INFO] [stderr] To learn more, run the command again with --verbose.
[INFO] running `Command { std: "docker" "inspect" "26a365ce29c73aee6695b2a341bf6e48ede20f13ccfe866ff718619de2a4db2f", kill_on_drop: false }`
[INFO] running `Command { std: "docker" "rm" "-f" "26a365ce29c73aee6695b2a341bf6e48ede20f13ccfe866ff718619de2a4db2f", kill_on_drop: false }`
[INFO] [stdout] 26a365ce29c73aee6695b2a341bf6e48ede20f13ccfe866ff718619de2a4db2f
